 derivative of n**4/24 - 5*n**3/6 + 4*n**2. What is l(z)?
0
Let x(m) = m**3 + 5. Let y(l) = l**2 - 3*l - 4. Let q be y(4). Calculate x(q).
5
Let k(i) be the second derivative of i + 1/20*i**5 - 2*i**2 - 2/3*i**3 + 0 - 5/12*i**4. What is k(6)?
8
Let c(n) = -2*n**3 + 3*n**2 - n + 1. Suppose 12 = -0*d - d. Let m be 22/10 + d/60. Determine c(m).
-5
Let g = -2 - 3. Let p(q) = 4*q**2 + 3*q - 9. Let r(k) = -k**2 + 1. Let u(w) = p(w) + 3*r(w). Calculate u(g).
4
Let i be 0/(1/((-1)/1)). Let p(r) be the first derivative of -r**4/4 + r**3/3 - 4*r + 10. What is p(i)?
-4
Let u(n) be the second derivative of -n**3/3 - 3*n**2/2 - 7*n. Give u(4).
-11
Let v(p) be the first derivative of -p**2/2 + 8*p + 28. What is v(-7)?
15
Let z be (1 - 0) + (-2 - -3). Suppose 0 = -4*m - 8, -q + 14 = z*q + 5*m. Let g = 13 - q. Let n(r) = r + 3. Give n(g).
8
Let w(h) = -h**2 + 9*h + 11. Let k(o) = o**2 - 10*o - 12. Let c(a) = 3*k(a) + 4*w(a). Determine c(6).
8
Let q(i) = i**3 - 5*i**2 + 2*i - 4. Let n be -4 + 2 - (6 - -1). Let z = -4 - n. Determine q(z).
6
Let i be 18/(-12)*4/6. Let b(v) = 6*v**3 - v**2. Calculate b(i).
-7
Let b = 3 + 1. Let g(w) = b*w + 2 - 2 - 3. Give g(3).
9
Let b(d) = 10*d**2 + d - 1. Let x = -4 - -5. Determine b(x).
10
Let m = -2 - 0. Let u(g) be the third derivative of g**4/12 - g**3/2 + 20*g**2. Let s(d) = -8*d + 13. Let j(r) = m*s(r) - 9*u(r). Determine j(3).
-5
Let a(n) = -n**3 + n - 8. Let f(w) = 8*w**2 + 4 - 9*w**2 - 5. Let i(u) = a(u) + f(u). Determine i(0).
-9
Let h(q) = 5*q**3 - q. Let f be h(-1). Let t(j) = -4 + 3*j**3 - 4*j**3 + 3*j - 6*j - 3*j**2 + 5*j. What is t(f)?
4
Let i(k) be the first derivative of -2*k**2 + k + 2. Give i(3).
-11
Let u = 2 - 7. Let n(c) = c - 1. Let k(d) = -d**2 + 2*d - 3. Let x(b) = 2*k(b) - 5*n(b). Let v(a) = -a**2. Let p(j) = 7*v(j) - 4*x(j). Determine p(u).
9
Suppose -2*x + 26 = 4*j, -3*x + 0*x + 5*j = 16. Let f(w) = w - x + w**2 - 3*w**3 + 2*w**3 + w**2. Suppose -z + 5*z - 17 = -l, -2*z + l = -1. Give f(z).
-9
Let l(n) = 10*n**3 - n**2. Let a(g) = -g**2 + 20*g - 1. Let i be a(20). Calculate l(i).
-11
Let c = -4 - -10. Let x(r) = -r**3 + 5*r**2 + 6*r + 1. Give x(c).
1
Let q(f) = f**3 - 5*f**2 + 4*f - 3. Let y(o) = o**3 - 5*o**2 + 3*o - 4. Let d(n) = -2*q(n) + 3*y(n). Calculate d(5).
-1
Let r(g) = g + 5. Suppose 3*m - 11 = -41. Let n be (-20)/m*(-10)/(-4). Determine r(n).
10
Let d(v) = -v**2 - 4*v + 1. Let i = 8 - 11. Determine d(i).
4
Let u(t) = t + 14. Let j be u(-10). Let a(y) = y**3 - 5*y**2 + 2*y + 1. Determine a(j).
-7
Let q(h) = h**3 + 7*h**2 + 4*h - 6. Suppose 2*k + 12 = -0*k. Determine q(k).
6
Let i be -6*3/(-2) + -3. Let k(y) be the first derivative of y**4/4 - 2*y**3 - 2*y + 2. What is k(i)?
-2
Let q(j) = 4*j - 6. Let f(h) = -7*h + 12. Let k(t) = 3*f(t) + 5*q(t). Calculate k(-7).
13
Let a(z) = -z**3 - 5*z**2 - 3*z + 3. Let r(j) = 4*j**2. Let f be r(1). Let o = -2 + f. Suppose 0 = 5*y - o*t + 17, -2*t - 3*t + 5 = 0. Give a(y).
-6
Suppose -5*b - 12 = -3*j + 7*j, 2*b = j - 10. Let i(g) = -g**3 + 3*g**2 - 4*g + 2. Give i(j).
-2
Let q(t) = -3*t + 2. Let b be -1 - (-5 - -13)/4. What is q(b)?
11
Let d(n) be the second derivative of n**3/3 - 3*n**2/2 + n. Suppose 0 = 3*t - 55 + 43. Determine d(t).
5
Let s(k) = k**2 + 3*k + 3. Let d be s(-2). Let a(t) = 3*t - 1. What is a(d)?
2
Let g(q) be the third derivative of -q**6/60 + q**5/20 - q**4/12 + q**3/2 - 41*q**2. Suppose -2*i = 3*p + 4, p - 3*i - i - 22 = 0. What is g(p)?
-5
Let k(i) be the second derivative of i**5/20 + i**4/12 + i**3/2 + i**2/2 + i. Suppose 4 - 22 = 5*q + 4*o, q + 5*o = -12. Determine k(q).
-9
Let l(m) = m**2 - 6*m - 1. Let w(r) = r - 9. Let o be w(14). Determine l(o).
-6
Let o(q) = -q + 6*q - 5*q + 10*q. Suppose 4*k + 0*k = 4. Determine o(k).
10
Let b(o) = -o**2 + 3*o. Suppose -9 = 2*c + 5*s, -c - 2*c + s = -12. What is b(c)?
0
Let o(h) = h**2 - 8*h + 4. Let f(a) = -a + 7. Let i be f(3). What is o(i)?
-12
Let d(q) = -4*q**2. Let s be (-4)/(-10) - 13/(-5). Suppose -2*l = 4*g + 8 + 8, -s*g - 3 = -3*l. Let y be g*-1*(-2)/(-6). Determine d(y).
-4
Let r(u) = -15*u - 13. Let g(c) = 7*c + 6. Let a(z) = -13*g(z) - 6*r(z). What is a(-3)?
3
Let b(h) be the first derivative of -h**3/3 - h**2/2 - 8*h - 20. Let g be -2 - (-3)/(3/2). What is b(g)?
-8
Suppose -4*b + 24 = -y, 3*b + 0*y + y - 25 = 0. Let r(j) = -4 + j**3 + 0*j**2 + 8 + 6*j - b*j**2. Give r(6).
4
Let a = -3 - -2. Let b(s) = 5*s**3 - 7*s**2 - 8*s - 7. Let i(w) = -14*w**3 + 20*w**2 + 23*w + 20. Let p(q) = -17*b(q) - 6*i(q). Give p(a).
1
Let o(b) = -b - 4. Let n(w) = -w - 7. Let t(m) = 3*n(m) - 7*o(m). Calculate t(-5).
-13
Let v = 17 + -50/3. Let q(a) be the first derivative of 2*a - 5/2*a**2 + v*a**3 - 1. Calculate q(5).
2
Let i(c) = -3*c. Let m(k) = -4 - k**2 - 5*k + 5 + 4*k**2 - 2*k**2. Let x(w) = -5*i(w) + 2*m(w). Give x(-3).
5
Let t(p) = 4*p**2 - 3*p + 2. Let n(j) = -j. Let k(c) = 5*n(c) + t(c). Let h(w) = -11*w**2 + 23*w - 7. Let r(g) = -3*h(g) - 8*k(g). What is r(4)?
1
Let x(j) = j**2 - 2*j - 4. Let d(z) = z**2 - z - 3. Let t be (6/8)/(2/(-16)). Let l(s) = t*x(s) + 7*d(s). Let r be -3 + (0 - (3 + -3)). Determine l(r).
-3
Let w = 35 + -40. Let s(v) = -v + 2. What is s(w)?
7
Let k(j) = -49 + 2*j - 3*j + 4*j + 47. Calculate k(5).
13
Let f be (-17 - 3)/(-4)*1. Let r(h) = 2*h - 6. What is r(f)?
4
Let k(f) be the third derivative of 0*f + 0 - 1/6*f**4 - 1/2*f**3 - 2*f**2. What is k(-3)?
9
Let p(w) = -w**2 + 6*w + 5. Suppose 24 = -a + 5*a. Calculate p(a).
5
Suppose 5*r = -5*b - 5, -2*b - r = -5*b - 7. Let g(s) = 13*s - 2. Determine g(b).
-28
Let o be 2*-2*(1 - 2). Let v = o + -8. Let m(s) = -s**2 - 3*s - 3. Calculate m(v).
-7
Let j(p) = p**3 - 2*p - 2. Suppose 4*k - 64 = -5*d - 2, 0 = -2*d - 5*k + 35. Suppose x = i - d, -3*x - 14 - 4 = -i. Suppose -2*y - i = y. Determine j(y).
-6
Let n(s) be the third derivative of -5*s**4/12 + s**2. Determine n(1).
-10
Let o(j) = -3*j - 3. Let d be o(-2). Let i(w) be the third derivative of -w**6/120 + w**5/15 - w**4/12 - 2*w**3/3 + 30*w**2. What is i(d)?
-1
Let m(d) be the first derivative of d**2 + d - 11. What is m(3)?
7
Let r(b) be the second derivative of -b**5/20 - 5*b**4/12 - b**3/2 - 7*b**2/2 + 14*b. Calculate r(-5).
8
Suppose -14 - 7 = -7*x. Let h(z) = 4*z**2 - 4*z + 4. What is h(x)?
28
Let q(z) be the first derivative of -2 - 6*z + 1/2*z**2. Give q(0).
-6
Let w(d) = -d**2 - 8*d - 6. Let o = 18 - 13. Let q be (15/(-4))/((-3)/8). Let z = o - q. Determine w(z).
9
Let w = 16 + -6. Let p(r) = 5*r - w*r + 0 + 0 + r**2. Let h(v) = -2*v - 1. Let u be h(-3). What is p(u)?
0
Let c(o) = 2*o**2 + o. Let m(r) = -r**2. Let b = 11 - 15. Let k(w) = b*m(w) + c(w). Calculate k(1).
7
Let h be (-1 - 2)*(-2)/(-6). Let q(g) be the second derivative of 3*g**4/4 - g**3/6 - g**2/2 - 5*g. Determine q(h).
9
Let z(v) = -2*v - 3. Suppose 0 = 4*d - 2*s - 162, -2*s - 153 = -4*d - 3*s. Suppose -14 + d = -5*i - 3*t, -10 = 2*t. What is z(i)?
1
Let a be 7/2*(-108)/(-63). Let d(j) = -j**3 + 6*j**2 - 6. Give d(a).
-6
Let b(r) be the second derivative of r**5/20 + 3*r**2 + 2*r. Calculate b(0).
6
Suppose 3*f - 3 = -5*x, 2*f + 1 = 3*f - 4*x. Let p(s) = -4*s - 1. Determine p(f).
-5
Let w(j) = -1 + 3 + 0*j + 5*j + j**2. Suppose 14 = -8*o - 18. Determine w(o).
-2
Let m(q) be the first derivative of q**2/2 - q + 6. Suppose 3*t + 10 = 4. Let l be 3/t*8/12. Determine m(l).
-2
Let b(c) = c**2 - 106*c + 45*c + 51*c - 2. Determine b(6).
-26
Let v(j) = j**3 - 7*j**2 + 3*j + 4. Let y = 54 - 48. What is v(y)?
-14
Let v(a) = a**3 + 5*a**2 + 4*a + 2. Let t = -17 + 8. Let s be (-6)/27 + 7/t. Let i = -3 - s. Calculate v(i).
6
Let b(j) = -2*j + j + 0 + 1. What is b(-1)?
2
Let w(h) be the first derivative of -4*h**2 + h + 1. Suppose 0 = -3*u - 4*k + 21, 3*u - 12 = -4*k + 3*k. Suppose 0 = -v + b - u, -b + 5 = 1. Give w(v).
-7
Let u(p) be the second derivative of -5/6*p**3 + 0 + 3*p + 5/12*p**4 - 1/20*p**5 + 1/2*p**2. Determine u(4).
-3
Let p = 9 - 9. Let v(j) = -4 + p*j + 3 - j. Calculate v(-1).
0
Let a(h) = 3*h**2 - 4*h + 2. Let f(n) be the third derivative of n**5/60 - 3*n**2. Let c(o) = o - 1. Let l be c(2). Let m(s) = l*a(s) - 2*f(s). Determine m(3).
-1
Let b(p) be the first derivative of 11*p**3/3 - p - 1. Calculate b(1).
10
Let r(g) be the third derivative of -g**7/504 + g**6/720 - g**4/24 - g**2. Let m(s